n base 7, what is -143023 - -21?
-143002
In base 13, what is 444 - -2a9?
720
In base 11, what is -6 - -6930?
6925
In base 11, what is -3 + 944376?
944373
In base 8, what is -107112 - -2?
-107110
In base 16, what is 29f38b + 3?
29f38e
In base 8, what is 100747 - -2?
100751
In base 4, what is 12330013 - 132?
12323221
In base 11, what is -144 + -300?
-444
In base 16, what is 2dc - -7?
2e3
In base 6, what is -4205 - 23?
-4232
In base 3, what is 10 + 2021212020?
2021212100
In base 2, what is 1001101010 + -101101?
1000111101
In base 2, what is 11000 + 110111010010011?
110111010101011
In base 8, what is 602 + 31?
633
In base 16, what is 5c0 - -26a?
82a
In base 13, what is 1ac - -12?
1c1
In base 11, what is -88 + -1962?
-1a3a
In base 10, what is -818804 - -3?
-818801
In base 16, what is -2 - -165e3?
165e1
In base 7, what is -1043600 - -13?
-1043554
In base 2, what is 10011100000001001000 - 100?
10011100000001000100
In base 2, what is -10010101 + -10100101?
-100111010
In base 3, what is 202221202 + -10?
202221122
In base 6, what is 135535 + 4?
135543
In base 10, what is 4 - -179778?
179782
In base 8, what is -4 + -71620?
-71624
In base 7, what is 53653 - -116?
54102
In base 13, what is -12a5 + 849?
-759
In base 12, what is 750ba + -36?
75084
In base 12, what is -496a1 + 5?
-49698
In base 16, what is 1 + fac?
fad
In base 4, what is 1113 - -3313?
11032
In base 9, what is 1187 - -14?
1212
In base 2, what is -110 + 1000100110111?
1000100110001
In base 3, what is 21212 + 120201?
212120
In base 12, what is 36 - 581?
-547
In base 2, what is -10000 + -11010100110000?
-11010101000000
In base 4, what is 1003 - 10001113?
-10000110
In base 4, what is 103101 - -21211?
130312
In base 8, what is -47720 - -3?
-47715
In base 13, what is -4 - -7b44?
7b40
In base 8, what is 0 - -136115?
136115
In base 16, what is 75 - -169?
1de
In base 4, what is 130 - -1031121?
1031311
In base 6, what is 4 - -1021022?
1021030
In base 3, what is 1010101102 + 1?
1010101110
In base 15, what is -588d + -3?
-5891
In base 7, what is 34231 - -135?
34366
In base 7, what is -6 - -210331?
210322
In base 13, what is 25372 + b?
25380
In base 10, what is -62 + 1858?
1796
In base 5, what is -2244444 - 10?
-2300004
In base 15, what is aa - c38?
-b7d
In base 16, what is 19 + -1638?
-161f
In base 10, what is 1258 - -76?
1334
In base 14, what is -4 - 7880?
-7884
In base 16, what is 1ab5 - c8?
19ed
In base 7, what is 14552446 + 3?
14552452
In base 6, what is 200012 + 1?
200013
In base 10, what is 3 - -39551?
39554
In base 6, what is -141 + -2421?
-3002
In base 9, what is -23 - 25?
-48
In base 11, what is 0 - 2854?
-2854
In base 6, what is 1245 + 14321?
20010
In base 13, what is -1 - 5b262?
-5b263
In base 5, what is 1401 - 13404?
-12003
In base 13, what is c + -488c?
-4880
In base 4, what is -101 + 322200?
322033
In base 5, what is 34 + -312334?
-312300
In base 5, what is 102234 - -11?
102300
In base 10, what is -3 - -69209?
69206
In base 7, what is 4 - 165306?
-165302
In base 11, what is -5 + -15168?
-15172
In base 11, what is 3877 - -16?
3892
In base 10, what is 109753 + -5?
109748
In base 11, what is -5 - 152278?
-152282
In base 2, what is -1111 - 100000010010110001?
-100000010011000000
In base 7, what is 3142 - 1?
3141
In base 5, what is 0 + -2234344?
-2234344
In base 6, what is 2 + 134204?
134210
In base 12, what is 18054 - 4?
18050
In base 3, what is -1 + -120111110000?
-120111110001
In base 15, what is 16d41 - -5?
16d46
In base 16, what is -60092f + 0?
-60092f
In base 2, what is 101001001101 - 1000000?
101000001101
In base 10, what is 3758367 - -4?
3758371
In base 11, what is -529a - -19?
-5281
In base 7, what is -212011 - 44?
-212055
In base 9, what is -400 + -3838?
-4338
In base 15, what is -79c - -9?
-793
In base 4, what is -111021 + -121?
-111202
In base 15, what is 10a + 4b?
156
In base 10, what is 7 - -2287?
2294
In base 5, what is -30211 - 11?
-30222
In base 3, what is 10 - -1011111201?
1011111211
In base 2, what is -111100011111011011 - 0?
-111100011111011011
In base 3, what is -1202110021 - -111?
-1202102210
In base 12, what is b + -15a83?
-15a74
In base 8, what is 673 + 2511?
3404
In base 14, what is 4d - -130d?
135c
In base 10, what is 1 + -3506?
-3505
In base 13, what is -16 + 91b?
905
In base 2, what is -1001011110100110 + 0?
-1001011110100110
In base 4, what is -130 - 2222?
-3012
In base 12, what is b8 + 3b63?
405b
In base 10, what is -162 + 1607?
1445
In base 16, what is -7f354 + 4?
-7f350
In base 11, what is -6 - -3090aa?
3090a4
In base 13, what is 27a580 - -1?
27a581
In base 13, what is -38ab + 14?
-3897
In base 13, what is -480 + 1c?
-461
In base 5, what is 3 - 414442?
-414434
In base 11, what is 0 + 9966a?
9966a
In base 16, what is -51d3 - 15?
-51e8
In base 14, what is 76d + 5?
774
In base 5, what is -3 + -21310?
-21313
In base 12, what is -1 + 322b12?
322b11
In base 8, what is 1 - -166214?
166215
In base 4, what is -223203 + 1311?
-221232
In base 16, what is b5 - 316?
-261
In base 10, what is 0 + 293372?
293372
In base 2, what is 111001 + -1101100111100?
-1101100000011
In base 7, what is 140 + -44104?
-43634
In base 4, what is 22200321 + 10?
22200331
In base 7, what is 206666 + 4?
210003
In base 9, what is 1 - 15314?
-15313
In base 3, what is -1121222100 + 2?
-1121222021
In base 6, what is 114 + -211?
-53
In base 2, what is -10110110 - -11101001?
110011
In base 8, what is 117631 + 0?
117631
In base 7, what is 60345 - -136?
60514
In base 7, what is -14 + -4535?
-4552
In base 7, what is -4 + -265660?
-265664
In base 15, what is 4 - -5bc6?
5bca
In base 16, what is -19604 + 0?
-19604
In base 16, what is -40 + -148?
-188
In base 7, what is -4210 - -612?
-3265
In base 5, what is 1423 - -432?
2410
In base 6, what is 1123 - -553?
2120
In base 9, what is -13106 - -52?
-13044
In base 3, what is -10 - -122010121110?
122010121100
In base 2, what is 0 - -11110000101100?
11110000101100
In base 8, what is -5 - 56650?
-56655
In base 10, what is 345 + 419?
764
In base 16, what is 0 - -8048?
8048
In base 7, what is -342 + -440?
-1112
In base 11, what is -27a6 - -a?
-2797
In base 3, what is -11121020102 - -12?
-11121020020
In base 12, what is 5 + 49a4?
49a9
In base 12, what is -1482a1 + 6?
-148297
In base 9, what is -1140326 - -5?
-1140321
In base 7, what is -150 - -4?
-143
In base 13, what is -3476 + ca?
-3379
In base 2, what is 10010 - -11001011111?
11001110001
In base 4, what is -2210220302 + -2?
-2210220310
In base 13, what is -5 + 2c07?
2c02
In base 2, what is -100 - 111011001100100001?
-111011001100100101
In base 8, what is 33 - -24711?
24744
In base 5, what is -403201 - -343?
-402303
In base 15, what is -5 - -1ca6d?
1ca68
In base 6, what is 3 - -2313102?
2313105
In base 4, what is 0 + 10323123233?
10323123233
In base 13, what is -3 + 5108?
5105
In base 4, what is -111212133 - -31?
-111212102
In base 11, what is 5a3 + 1642?
2135
In base 7, what is 3232 - 0?
3232
In base 12, what is -ab83 + -5?
-ab88
In base 10, what is 1 + 42809?
42810
In base 5, what is 124 - 1140103?
-1134424
In base 2, what is -1001000110010110111 - 10?
-1001000110010111001
In base 15, what is 4 + -7382?
-737d
In base 16, what is -2b + -2?
-2d
In base 14, what is -4 - -3a16?
3a12
In base 13, what is -1bb8 + -a7?
-1c92
In base 5, what is -21334034 + 0?
-21334034
In base 16, what is 7c - -14?
90
In base 6, what is -142512210 - -1?
-142512205
In base 15, what is e27 + -1ac?
c6a
In base 2, what is 1001010000 + 1000101?
1010010101
In base 6, what is -4142 + 3535?
-203
In base 16, what is -aeb + -1ef?
-cda
In base 6, what is 11 - -2253?
2304
In base 6, what is -33311 + -232?
-33543
In base 14, what is -124a - -23?
-1227
In base 3, what is -2 - 2011200221010?
-2011200221012
In base 15, what is -64 + -47?
-ab
In base 11, what is 3 - 340a?
-3407
In base 3, what is 102200 - -100000101?
100110001
In base 15, what is 3 + a810?
a813
In base 7, what is -3530 - 1030?
-4560
In base 11, what is -5 - a7a4?
-a7a9
In base 9, what is 6788 - 15?
6773
In base 14, what is b7 + -9cb?
-914
In base 4, what is -133330 + 221233?
21303
In base 3, what is 1221 - 11201001?
-11122010
In base 2, what is -1000101110000 + 11110?
-1000101010010
In base 2, what is 1000111 - 10101100110110?
-10101011101111
In base 14, what is -6da4c + a?
-6da42
In base 16,